83315?
8
What is the tens digit of 14751750?
5
What is the units digit of 2497286?
6
What is the hundreds digit of 22762?
7
What is the ten thousands digit of 11378?
1
What is the hundred thousands digit of 317909?
3
What is the thousands digit of 1583091?
3
What is the thousands digit of 691032?
1
What is the hundreds digit of 29794?
7
What is the millions digit of 4188329?
4
What is the hundred thousands digit of 142985?
1
What is the thousands digit of 885857?
5
What is the hundred thousands digit of 35714302?
7
What is the ten thousands digit of 673755?
7
What is the tens digit of 792538?
3
What is the hundred thousands digit of 11205214?
2
What is the tens digit of 207305?
0
What is the hundred thousands digit of 299921?
2
What is the thousands digit of 4136195?
6
What is the tens digit of 4031826?
2
What is the ten thousands digit of 2890807?
9
What is the hundreds digit of 13747001?
0
What is the units digit of 228609?
9
What is the units digit of 737481?
1
What is the hundreds digit of 696280?
2
What is the ten thousands digit of 619143?
1
What is the units digit of 1320586?
6
What is the tens digit of 977961?
6
What is the hundreds digit of 12284323?
3
What is the thousands digit of 3641156?
1
What is the hundred thousands digit of 202573?
2
What is the millions digit of 21748361?
1
What is the millions digit of 1223829?
1
What is the units digit of 910620?
0
What is the millions digit of 7032831?
7
What is the units digit of 195794?
4
What is the hundreds digit of 973108?
1
What is the tens digit of 1388641?
4
What is the tens digit of 18453241?
4
What is the hundreds digit of 1867719?
7
What is the ten thousands digit of 18601941?
0
What is the units digit of 351503?
3
What is the tens digit of 647265?
6
What is the thousands digit of 5460988?
0
What is the tens digit of 8571881?
8
What is the units digit of 1232867?
7
What is the thousands digit of 83131?
3
What is the hundreds digit of 9685745?
7
What is the units digit of 3344339?
9
What is the hundred thousands digit of 531821?
5
What is the ten thousands digit of 156279?
5
What is the ten thousands digit of 378189?
7
What is the ten thousands digit of 1265076?
6
What is the ten thousands digit of 847206?
4
What is the hundreds digit of 296337?
3
What is the hundred thousands digit of 4929170?
9
What is the thousands digit of 2775224?
5
What is the thousands digit of 5783283?
3
What is the millions digit of 16132327?
6
What is the units digit of 3050414?
4
What is the tens digit of 127852?
5
What is the units digit of 336148?
8
What is the thousands digit of 8621850?
1
What is the hundreds digit of 148467?
4
What is the millions digit of 36396060?
6
What is the hundred thousands digit of 201852?
2
What is the tens digit of 111815?
1
What is the ten thousands digit of 93370?
9
What is the thousands digit of 1734007?
4
What is the hundred thousands digit of 607064?
6
What is the thousands digit of 483513?
3
What is the units digit of 8680394?
4
What is the units digit of 4656522?
2
What is the ten thousands digit of 20187457?
8
What is the tens digit of 129340?
4
What is the tens digit of 10734691?
9
What is the hundred thousands digit of 514956?
5
What is the hundred thousands digit of 4053613?
0
What is the tens digit of 211310?
1
What is the tens digit of 894444?
4
What is the hundred thousands digit of 150726?
1
What is the ten thousands digit of 110122?
1
What is the tens digit of 165172?
7
What is the hundred thousands digit of 1594900?
5
What is the ten thousands digit of 13304940?
0
What is the hundred thousands digit of 460480?
4
What is the ten thousands digit of 2669910?
6
What is the units digit of 227752?
2
What is the tens digit of 39497?
9
What is the hundreds digit of 102829?
8
What is the units digit of 93552?
2
What is the tens digit of 330687?
8
What is the ten thousands digit of 233034?
3
What is the thousands digit of 4710468?
0
What is the hundred thousands digit of 5918718?
9
What is the tens digit of 50636?
3
What is the units digit of 1738763?
3
What is the tens digit of 496648?
4
What is the thousands digit of 3673793?
3
What is the hundred thousands digit of 14120204?
1
What is the hundreds digit of 200796?
7
What is the thousands digit of 3548252?
8
What is the tens digit of 363840?
4
What is the tens digit of 23572?
7
What is the tens digit of 300285?
8
What is the ten thousands digit of 272897?
7
What is the ten thousands digit of 403244?
0
What is the hundreds digit of 7261566?
5
What is the ten thousands digit of 209897?
0
What is the hundred thousands digit of 989393?
9
What is the units digit of 11190?
0
What is the thousands digit of 258623?
8
What is the units digit of 3642607?
7
What is the units digit of 11544478?
8
What is the tens digit of 232314?
1
What is the tens digit of 1461872?
7
What is the ten thousands digit of 293450?
9
What is the tens digit of 861292?
9
What is the ten thousands digit of 7527874?
2
What is the ten thousands digit of 142778?
4
What is the tens digit of 270525?
2
What is the ten thousands digit of 205463?
0
What is the ten millions digit of 13249512?
1
What is the tens digit of 143145?
4
What is the ten thousands digit of 21579?
2
What is the tens digit of 948651?
5
What is the units digit of 440973?
3
What is the ten thousands digit of 40168?
4
What is the ten thousands digit of 10178313?
7
What is the units digit of 4676228?
8
What is the units digit of 1631761?
1
What is the hundred thousands digit of 4315185?
3
What is the hundreds digit of 197140?
1
What is the hundreds digit of 5602678?
6
What is the thousands digit of 437913?
7
What is the tens digit of 2558735?
3
What is the millions digit of 3999886?
3
What is the hundred thousands digit of 12103767?
1
What is the tens digit of 957137?
3
What is the hundred thousands digit of 261717?
2
What is the hundred thousands digit of 1611753?
6
What is the ten thousands digit of 200617?
0
What is the tens digit of 722498?
9
What is the units digit of 304027?
7
What is the ten thousands digit of 331300?
3
What is the ten thousands digit of 234535?
3
What is the ten thousands digit of 123414?
2
What is the thousands digit of 180920?
0
What is the millions digit of 10367829?
0
What is the ten millions digit of 19027402?
1
What is the hundred thousands digit of 299242?
2
What is the hundreds digit of 5558892?
8
What is the units digit of 133067?
7
What is the ten thousands digit of 4202830?
0
What is the hundred thousands digit of 3386484?
3
What is the tens digit of 497496?
9
What is the hundreds digit of 305562?
5
What is the units digit of 8942477?
7
What is the ten thousands digit of 13738157?
3
What is the ten thousands digit of 141739?
4
What is the hundreds digit of 1540316?
3
What is the ten thousands digit of 219166?
1
What is the hundreds digit of 1328774?
7
What is the hundreds digit of 8107429?
4
What is the thousands digit of 425556?
5
What is the ten thousands digit of 491123?
9
What is the thousands digit of 568558?
8
What is the ten millions digit of 20747071?
2
What is the hundred thousands digit of 9457706?
4
What is the hundred thousands digit of 1971849?
9
What is the ten thousands digit of 387409?
8
What is the ten millions digit of 11078226?
1
What is the ten thousands digit of 4195286?
9
What is the millions digit of 1659955?
1
What is the units digit of 443487?
7
What is the tens digit of 363363?
6
What is the millions digit of 13021111?
3
What is the hundreds digit of 11426339?
3
What is the thousands digit of 8128007?
8
What is the thousands digit of 712943?
2
What is the thousands digit of 1885357?
5
What is the units digit of 111323?
3
What is the units digit of 11299418?
8
What is the hundred thousands digit of 716682?
7
What is the tens digit of 776783?
8
What is the ten thousands digit of 8908366?
0
What is the hundred thousands digit of 147732?
1
What is the hundreds digit of 10518383?
3
What is the ten thousands digit of 33539?
3
What is the hundred thousands digit of 15092163?
0
What is the hundreds digit of 439499?
4
What is the tens digit of 166311?
1
What is the thousands digit of 21777423?
7
What is the thousands digit of 464094?
4
What is the ten thousands digit of 1075412?
7
What is the hundreds digit of 351659?
6
What is the